{"id":75,"date":"2020-06-05T10:18:05","date_gmt":"2020-06-05T08:18:05","guid":{"rendered":"http:\/\/oibcamp.se\/?page_id=75"},"modified":"2025-10-09T09:28:40","modified_gmt":"2025-10-09T07:28:40","slug":"hostlovet","status":"publish","type":"page","link":"http:\/\/oibcamp.se\/?page_id=75","title":{"rendered":"H\u00f6st"},"content":{"rendered":"\n<p class=\"has-medium-font-size\"><strong>V\u00e4lkommen till \u00d6rnsk\u00f6ldsvik Innebandy Camp <\/strong><\/p>\n\n\n\n<p>F\u00f6r dig som gillar innebandy och vill passa p\u00e5 att l\u00e4ra dig mer om sj\u00e4lva spelet<\/p>\n\n\n\n<p><strong>H\u00f6st<\/strong><\/p>\n\n\n\n<p>\u00d6rnsk\u00f6ldsvik Innebandy Camp arrangerar under h\u00f6stlovet v.44 Camp p\u00e5 Svart, R\u00f6d &amp; Bl\u00e5 Niv\u00e5 <\/p>\n\n\n\n<p>Du kan v\u00e4lja mellan Svart &amp; R\u00f6d Niv\u00e5 p\u00e5 ditt deltagande f\u00f6r de \u00e4ldsta <\/p>\n\n\n\n<p>L\u00e4s mer under Svart Niv\u00e5, R\u00f6d Niv\u00e5  eller Bl\u00e5 Niv\u00e5 nedan.<\/p>\n\n\n\n<p><strong>Svart Niv\u00e5<\/strong> Dagl\u00e4ger med elitinriktning<\/p>\n\n\n\n<p><strong>29-30  Oktober Tjejer &amp; Killar f. 2010-2011<\/strong><br>Inriktning mot nationell elit och idrottsgymnasiet<br>Du som anm\u00e4ler dig till svart niv\u00e5 beh\u00f6ver ha goda kunskaper i innebandy och vid god fysik<br>F\u00f6rtur till spelare som \u00e4r f\u00f6dd 2010<br><br>Begr\u00e4nsat antal platser:<br>Tjejer 2 m\u00e5lvakter + 15 spelare<br>Killar 2 m\u00e5lvakter + 15 spelare<br><br>F\u00f6ljande ing\u00e5r:<br>Tr\u00e4ningar torsdag-fredag under ledning av bland annat B\u00e5rd B\u00f6rresen med flera<br>Innebandy:<br>&#8211; Beteende och principer aktuella f\u00f6r SSL &amp; landslag.<br>F\u00f6rel\u00e4sningar:<br>&#8211; Innebandy<br>&#8211; Fysprofil<br>&#8211; Information om v\u00e4gen till nationell elit, landslag och gymnasieutbildningar<br>Matchspel mot\/med juniorlag onsdag<br>Specifik M\u00e5lvaktstr\u00e4ning under ledning av m\u00e5lvaktstr\u00e4nare<br>Onsdag 09.00-16.00<br>Torsdag 09.00-16.00 med matchspel<br><br>F\u00f6ljande utrustning ing\u00e5r:<br>Matchtr\u00f6ja f\u00f6r utespelare<br>Tr\u00e4ningstr\u00f6ja<br>Shorts<br>Strumpor<br>Vattenflaska<br><br>Lunch &amp; Mellanm\u00e5l Ing\u00e5r<br><br>Vid m\u00e5nga anm\u00e4lningar beh\u00f6ver vi ta h\u00e4nsyn till vilket \u00e5r man \u00e4r f\u00f6dd och vi kanske inte kan ge alla som anm\u00e4ler sig plats p\u00e5 Svart Niv\u00e5 men vi kan i st\u00e4llet erbjuda plats p\u00e5 R\u00f6d Niv\u00e5 den 27-28 oktober<\/p>\n\n\n\n<p>Anm\u00e4lan senast 15 oktober<\/p>\n\n\n\n<p>Kostnad: 1 595 kr<\/p>\n\n\n\n<p><strong>R\u00f6d Niv\u00e5 <\/strong>Dagl\u00e4ger med inriktning p\u00e5 n\u00e4sta niv\u00e5 som innebandyspelare<br><br><strong>27-28 oktober Killar &amp; Tjejer f\u00f6dd 2011-2013<\/strong><br>F\u00f6r dig som gillar innebandy och vill utveckla dina f\u00e4rdigheter som spelare<br><br>Max antal platser 40 platser<br><br>F\u00f6ljande ing\u00e5r:<br>Tr\u00e4ning &amp; Matchspel torsdag-fredag som leds av B\u00e5rd B\u00f6rresen tillsammans med ledare och spelare fr\u00e5n \u00d6rnsk\u00f6ldsvik Innebandy<br><br>F\u00f6rel\u00e4sningar:<br>&#8211; Innebandy<br>&#8211; Fysprofil<br>&#8211; Information fr\u00e5n Idrottsgymnasiet med inriktning innebandy<br>M\u00e5ndag 09.00-16.00<br>Tisdag 09.00-16.00<br><br>F\u00f6ljande utrustning ing\u00e5r:<br>Tr\u00e4ningstr\u00f6ja<br>Shorts<br>Strumpor<br>Vattenflaska<br><br>Lunch &amp; Mellanm\u00e5l M\u00e5ndag &amp; Tisdag<br>Kostnad 1 195 kr<\/p>\n\n\n\n<p><strong>31 oktober Killar &amp; Tjejer f\u00f6dd 2014-2016<\/strong><br>F\u00f6r dig som gillar innebandy och vill utveckla dina f\u00e4rdigheter som spelare<br>Fredag 09.00-15.00<br>Max antal platser 40 platser<br><br>F\u00f6ljande ing\u00e5r:<br>Heldag med innebandy f\u00f6r ni som gillar och vill tr\u00e4na innebandy med elitspelare och tr\u00e4nare<br><br>F\u00f6ljande ing\u00e5r:<br>Tr\u00e4ningstr\u00f6ja<br>Vattenflaska<br>Lunch &amp; Mellanm\u00e5l Onsdag <br>Kostnad 695 kr<\/p>\n\n\n\n<p><br>Sista anm\u00e4lningsdag \u00e4r 15 oktober <br><br>Kan vara m\u00f6jligt med senare anm\u00e4lan men vi kan d\u00e5 inte garantera kl\u00e4der.<\/p>\n\n\n\n<p><br><\/p>\n\n\n\n<p><\/p>\n","protected":false},"excerpt":{"rendered":"<p>V\u00e4lkommen till \u00d6rnsk\u00f6ldsvik Innebandy Camp F\u00f6r dig som gillar innebandy och vill passa p\u00e5 att l\u00e4ra dig mer om sj\u00e4lva spelet H\u00f6st \u00d6rnsk\u00f6ldsvik Innebandy Camp arrangerar under h\u00f6stlovet v.44 Camp p\u00e5 Svart, R\u00f6d &amp; Bl\u00e5 Niv\u00e5 Du kan v\u00e4lja mellan Svart &amp; R\u00f6d Niv\u00e5 p\u00e5 ditt deltagande f\u00f6r de \u00e4ldsta L\u00e4s mer under Svart Niv\u00e5, &hellip; <\/p>\n<p class=\"link-more\"><a href=\"http:\/\/oibcamp.se\/?page_id=75\" class=\"more-link\">Forts\u00e4tt l\u00e4sa<span class=\"screen-reader-text\"> \u201dH\u00f6st\u201d<\/span><\/a><\/p>\n","protected":false},"author":2,"featured_media":0,"parent":0,"menu_order":0,"comment_status":"closed","ping_status":"closed","template":"","meta":{"footnotes":""},"class_list":["post-75","page","type-page","status-publish","hentry"],"_links":{"self":[{"href":"http:\/\/oibcamp.se\/index.php?rest_route=\/wp\/v2\/pages\/75","targetHints":{"allow":["GET"]}}],"collection":[{"href":"http:\/\/oibcamp.se\/index.php?rest_route=\/wp\/v2\/pages"}],"about":[{"href":"http:\/\/oibcamp.se\/index.php?rest_route=\/wp\/v2\/types\/page"}],"author":[{"embeddable":true,"href":"http:\/\/oibcamp.se\/index.php?rest_route=\/wp\/v2\/users\/2"}],"replies":[{"embeddable":true,"href":"http:\/\/oibcamp.se\/index.php?rest_route=%2Fwp%2Fv2%2Fcomments&post=75"}],"version-history":[{"count":5,"href":"http:\/\/oibcamp.se\/index.php?rest_route=\/wp\/v2\/pages\/75\/revisions"}],"predecessor-version":[{"id":776,"href":"http:\/\/oibcamp.se\/index.php?rest_route=\/wp\/v2\/pages\/75\/revisions\/776"}],"wp:attachment":[{"href":"http:\/\/oibcamp.se\/index.php?rest_route=%2Fwp%2Fv2%2Fmedia&parent=75"}],"curies":[{"name":"wp","href":"https:\/\/api.w.org\/{rel}","templated":true}]}}